/(-14)?
1
Let k(x) = x + 1. Let i(n) = 21*n + 9. Let v(y) = y + 22. Let l be v(-23). Let p(t) = l*i(t) + 2*k(t). What is the tens digit of p(-6)?
0
What is the tens digit of ((-550500)/(-7))/3 - (-21 - 3129/(-147))?
1
What is the thousands digit of 57/((-2223)/52)*14079/(-2)?
9
Let k(x) = 1462*x**3 - 54*x**2 + 51*x + 4. What is the units digit of k(1)?
3
Suppose 21866 = 2*c - 4*a, a - 44485 + 708 = -4*c. What is the hundreds digit of c?
9
Let i(m) = -6*m**2 - 29*m**3 - 15*m + 21 + 0*m**3 + 10 + 28*m**3. What is the units digit of i(-9)?
9
Suppose -6 + 3 = -w. Suppose -3*a = -w*v + 18, 3*v + 4*a = -3 - 7. Suppose v*i - 30 = -14. What is the units digit of i?
8
What is the hundreds digit of (-7)/2*(-38742590)/3017?
9
Let f be 5*(1/1 + (-245)/25). Let t = 45 + f. What is the tens digit of (t - 3) + 16 + 0?
1
Let f(v) = 11*v - 19. Let a be f(2). Let x(k) = -k**3 + 12*k**2 - 6. Let m be x(8). Suppose a*n - m = n. What is the units digit of n?
5
Suppose -4*s + 11 + 5 = -2*x, -s + 5*x + 13 = 0. Let g be ((4 - -2) + 0)*s. Suppose -g = -2*l - 2. What is the units digit of l?
8
Let p = 75 - 428. Let s = -60 - p. What is the tens digit of s?
9
Suppose -2 + 182 = 4*z. Let k = 50 - z. Suppose -d = d + 2*i - 268, k*d = -4*i + 675. What is the units digit of d?
9
Suppose 0*l = -2*l + 24. Let m(r) = -108*r + 121*r + 10 - 4*r. What is the units digit of m(l)?
8
Let p(i) = 152*i + 12. Let q be p(8). Let s = q + -809. What is the tens digit of s?
1
Let u(x) = -10*x**3 + 8*x**2 - 47*x + 4. Let d(c) = 9*c**3 - 5*c**2 + 46*c - 3. Let l(n) = -6*d(n) - 5*u(n). What is the tens digit of l(-4)?
5
Let k be (-1 - 3)*(3 - 141/12). Let n = -30 + k. Suppose -n*m + 264 = -286. What is the tens digit of m?
1
Suppose 2*u - 4*u = 20. Let n be 63048/(-120) - (-6)/u. What is the tens digit of 2/(-6)*(-8 + n)?
7
What is the tens digit of 64/(-24)*35559/(-18)?
6
Let p(v) = -11 + 1 - 3*v - v. Let s be p(-4). Let u(g) = -g**3 + 7*g**2 + 5*g - 11. What is the tens digit of u(s)?
5
Suppose y - 3*n - 330 = 2*n, -4*n - 1587 = -5*y. Let a = -207 + y. Let v = -22 + a. What is the tens digit of v?
8
Let p(l) be the third derivative of 5*l**4/8 - l**3 - 21*l**2. Let f be p(8). What is the tens digit of f - (-10)/(-9 + 4)?
1
Let d = -17714 - -40742. What is the units digit of d?
8
Suppose 8*j - 14856 = 2*j. Suppose -j = 5*a - 12156. What is the thousands digit of a?
1
What is the units digit of (5/7 - -1)*(11986 - -75)?
6
Suppose 4*s - 9 = s. Suppose 2*k = -5*f + 558, -k + 444 = 8*f - 4*f. Suppose s*c + 95 = 2*r + 284, 4*r - f = -2*c. What is the tens digit of c?
6
Let x(w) = 5*w**2 - 348*w - 2789. What is the thousands digit of x(148)?
5
Let z(l) = -l**3 + 15*l**2 + 14*l + 35. Let d be z(16). Suppose d*c - 6*a + 4*a = 279, 0 = -3*a. What is the tens digit of c?
9
Let c be 89/(-4) - (-3)/(-4). Let s = -39 - c. What is the units digit of ((-24)/s)/((-1)/(-2))?
3
Suppose -2*b + b + 277 = -5*x, 5*x + 4*b + 267 = 0. Let v = -16 - x. Suppose 4*y - 49 = v. What is the units digit of y?
2
Let d = 94 - 89. Let k(u) = 6*u**2 + 22. What is the units digit of k(d)?
2
Let c(s) = 22*s**2 - s + 4. Let b(v) = -43*v**2 + 2*v - 7. Let y(d) = -4*b(d) - 7*c(d). What is the hundreds digit of y(4)?
2
Let v(b) = 101*b**2 + 510*b - 16. What is the thousands digit of v(6)?
6
What is the tens digit of (177/15)/(2/170)?
0
Let x = 70708 + -29194. What is the hundreds digit of x?
5
Let p(l) = 2*l - 12. Suppose 2*a = 3*m - 1 + 24, 3 = -3*m. Let r be p(a). Let g(u) = 3*u + 1. What is the tens digit of g(r)?
2
Let b = 3698 - 1912. Suppose -2*s + 0*w + 3*w + b = 0, -w = 3*s - 2679. What is the tens digit of s?
9
Let k = 83195 + -14827. What is the units digit of k?
8
Suppose -1063*j + 1067*j = 56724. What is the units digit of j?
1
Let u be (-112)/84 - 44/(-6). Let g(l) = 4*l**3 + 5*l**2 - 13*l + 24. What is the tens digit of g(u)?
9
Let d(v) = -3*v**2 - 50*v + 23. Let z be d(-17). Let l be ((-1)/(z/100))/((-1)/3). Suppose k = 78 + l. What is the hundreds digit of k?
1
What is the thousands digit of (-78)/(-1755) - 618073/(-45)?
3
Let y = -186 - -198. What is the hundreds digit of ((-261)/y)/(1/(-16))?
3
Let x(j) be the second derivative of -3*j**5/10 - 5*j**4/12 - j**3/3 + 7*j**2/2 + 3*j + 7. What is the hundreds digit of x(-4)?
3
What is the tens digit of 954162/33 - (-21)/(-3)?
0
Let s(u) = 733*u**2 + 23*u - 43. What is the hundreds digit of s(3)?
6
Let l = -342 - -337. What is the tens digit of ((-116)/(-16))/(l + 63/12)?
2
Suppose -233*w = -242*w + 67905. What is the units digit of w?
5
Suppose -3*w = -w + 20. Let s be (-1 + w/(-6))*24/(-16). Let c(b) = 45*b**2. What is the tens digit of c(s)?
4
Let h be 620/(-5) - 3/(-1). Let w = h - -473. Suppose -5*f - 57 + w = 0. What is the units digit of f?
9
Let i(l) = 2565*l - 1930. What is the hundreds digit of i(4)?
3
Suppose 0 = -2*b + 9 + 1. Suppose -5*z = -b*a - 0*z + 425, -5*a - 2*z = -446. Let o = a + -32. What is the tens digit of o?
5
Let v = 164 - 108. Suppose v*t = 59*t - 1986. What is the tens digit of t?
6
Suppose 31 = 4*u + 15. What is the units digit of (-1 + u)*(-132)/(-9)?
4
Let k(z) = 346*z**2 - 169*z - 1147. What is the units digit of k(-7)?
0
Suppose 83 = -q + 2*q. Let s = 8204 + -8194. Let k = q - s. What is the tens digit of k?
7
Suppose 10*x = -16651 + 41291. Let o = 3525 - x. What is the tens digit of o?
6
Let f be 36/10 + 12*(-4)/(-120). Suppose 9*i - 1109 = -q + 4*i, 0 = -q - f*i + 1110. What is the thousands digit of q?
1
Suppose 3*a - 40421 = 74*t - 75*t, t - 2*a - 40401 = 0. What is the thousands digit of t?
0
What is the ten thousands digit of 643856/12*3/32*8?
4
Suppose -14*t - 24580 = -18*t. What is the tens digit of t?
4
Let l be (-1 + 0 + -3 + 4)/2. Let z(t) = -4*t. Let g be z(l). Suppose 0*y + o = y - 15, g = 2*y + 4*o - 60. What is the tens digit of y?
2
What is the hundreds digit of (-2)/((4/28)/(84021/(-42)))?
0
Let q(a) = 10*a**2 - 1503*a - 212. What is the hundreds digit of q(161)?
0
Let p(z) = 45 + 123*z**2 - 17 + 20 + 20*z. What is the thousands digit of p(-3)?
1
Let i = 356 - 388. Let x = 79 - i. What is the hundreds digit of x?
1
Suppose p + 9*p - 100 = 0. Suppose -5*s = -p, k = -2*k + 2*s + 26. Suppose i + 41 - k = 5*o, o = -4*i + 2. What is the units digit of o?
6
Let o(s) = s**3 + 7*s**2 - 8*s + 3. Let l be o(-6). Let r = -239 - -325. Let f = l - r. What is the units digit of f?
1
Let f(k) = 9*k - 23. Let p(n) = 2*n - 2. Let z(x) = -f(x) + 4*p(x). What is the units digit of z(10)?
5
Suppose 10*p - 37656 = 22854. What is the units digit of p?
1
Let j = 39 + -37. Suppose -j*q + 4*q = 6. What is the tens digit of q*7 + (-2 - -1 - 2)?
1
Suppose 0 = -5*w + 4*f + 48, -8*f - 4 = -6*f. Suppose -4*k = -2*x + 770, -w*k - 389 = -x - 5*k. What is the hundreds digit of x?
3
Suppose -151963 = -3*n + k, -31*k - 50641 = -n - 34*k. What is the thousands digit of n?
0
Let m be ((-145)/87)/(1/3). What is the tens digit of 81 - (-4 + m + 3)?
8
Let x = -7299 + 14018. What is the hundreds digit of x?
7
Suppose 1076073 = 27*g - 448185. What is the hundreds digit of g?
4
Let w be (-10)/12 - (1516218/36)/(-11). Suppose -16*u + 10828 = -w. What is the units digit of u?
6
Let s(u) = -2*u**2 - 13*u - 61. Let v(l) = -l**2 - 6*l - 30. Let t(g) = 2*s(g) - 5*v(g). What is the units digit of t(0)?
8
Suppose -q = 123 + 46. Let b = 366 - 77. Let w = q + b. What is the units digit of w?
0
Let l be ((1 - -383)/(-3))/(-2). Let t = -6 + l. What is the tens digit of t?
5
Let a(k) = k**2 + 23*k - 178. Let t be a(6). Let g = 4 + 2. What is the tens digit of -74*t/g*33/44?
3
Suppose 0 = 5*g - 2*g + 165. Let v be (56/3)/(-1 + (-28)/(-24)). Let i = v + g. What is the units digit of i?
7
Let r(z) = 60*z - 78. Let g(u) = 57*u - 76. Let w(o) = 6*g(o) - 5*r(o). What is the tens digit of w(10)?
5
Suppose 497943 + 222954 = 72*m - 10695. What is the thousands digit of m?
0
Let h = 15 + -11. Let l be (h/(4/1))/1. Suppose p = 6*o - o + l, 0 = 4*p + 4*o - 28. What is the units digit of p?
6
Let q(t) = -t**3 - 25*t**2 + 35*t + 3377. What is the hundreds digit of q(-44)?
6
Let q(t) = 17*t**2 + 88*t - 2656. What is the ten thousands digit of q(49)?
4
Let s = 89 - 81. Let m be (s - (5 - 0))*193/3. Suppose -2*v + 2*u + 45 = -m, 0 = -2*v - 5*u + 224. What is the units digit of v?
7
Supp